{"id":127,"date":"2021-11-09T14:22:09","date_gmt":"2021-11-09T13:22:09","guid":{"rendered":"https:\/\/schuetzen-allerheiligen.saufkopf.at\/?page_id=127"},"modified":"2022-09-26T09:54:41","modified_gmt":"2022-09-26T07:54:41","slug":"kontakt","status":"publish","type":"page","link":"https:\/\/www.schuetzen-allerheiligen.at\/?page_id=127","title":{"rendered":"Kontakt"},"content":{"rendered":"\n<ol class=\"wp-block-list\"><li><strong>Sch\u00fctzenkompanie Allerheiligen<\/strong><br>Technikerstra\u00dfe 74\/33<br>A-6020 Innsbruck<\/li><li><strong>Sch\u00fctzenheim:<\/strong><br>Viktor-Franz-Hess Stra\u00dfe 9<br>jeden Freitag ab 1900 Uhr ge\u00f6ffnet<\/li><li><strong>Hauptmann:<\/strong><br>Fabian Santeler<br>+43 (0)699\/15087791<\/li><li><strong>Obmann und Oberleutnant:<\/strong><br>Gerhard Schwitzer<br>+43 (0)664 1864750<\/li><\/ol>\n\n\n\n<p><\/p>\n","protected":false},"excerpt":{"rendered":"<p>Sch\u00fctzenkompanie AllerheiligenTechnikerstra\u00dfe 74\/33A-6020 Innsbruck Sch\u00fctzenheim:Viktor-Franz-Hess Stra\u00dfe 9jeden Freitag ab 1900 Uhr ge\u00f6ffnet Hauptmann:Fabian Santeler+43 (0)699\/15087791 Obmann und Oberleutnant:Gerhard Schwitzer+43 (0)664 1864750<\/p>\n","protected":false},"author":1,"featured_media":0,"parent":37,"menu_order":7,"comment_status":"closed","ping_status":"closed","template":"","meta":{"advanced_seo_description":"","jetpack_seo_html_title":"","jetpack_seo_noindex":false,"footnotes":""},"class_list":["post-127","page","type-page","status-publish","hentry"],"jetpack_sharing_enabled":true,"_links":{"self":[{"href":"https:\/\/www.schuetzen-allerheiligen.at\/index.php?rest_route=\/wp\/v2\/pages\/127","targetHints":{"allow":["GET"]}}],"collection":[{"href":"https:\/\/www.schuetzen-allerheiligen.at\/index.php?rest_route=\/wp\/v2\/pages"}],"about":[{"href":"https:\/\/www.schuetzen-allerheiligen.at\/index.php?rest_route=\/wp\/v2\/types\/page"}],"author":[{"embeddable":true,"href":"https:\/\/www.schuetzen-allerheiligen.at\/index.php?rest_route=\/wp\/v2\/users\/1"}],"replies":[{"embeddable":true,"href":"https:\/\/www.schuetzen-allerheiligen.at\/index.php?rest_route=%2Fwp%2Fv2%2Fcomments&post=127"}],"version-history":[{"count":0,"href":"https:\/\/www.schuetzen-allerheiligen.at\/index.php?rest_route=\/wp\/v2\/pages\/127\/revisions"}],"up":[{"embeddable":true,"href":"https:\/\/www.schuetzen-allerheiligen.at\/index.php?rest_route=\/wp\/v2\/pages\/37"}],"wp:attachment":[{"href":"https:\/\/www.schuetzen-allerheiligen.at\/index.php?rest_route=%2Fwp%2Fv2%2Fmedia&parent=127"}],"curies":[{"name":"wp","href":"https:\/\/api.w.org\/{rel}","templated":true}]}}

<ol class="wp-block-list"><li><strong>Schützenkompanie Allerheiligen</strong><br>Technikerstraße 74/33<br>A-6020 Innsbruck</li><li><strong>Schützenheim:</strong><br>Viktor-Franz-Hess Straße 9<br>jeden Freitag ab 1900 Uhr geöffnet</li><li><strong>Hauptmann:</strong><br>Fabian Santeler<br>+43 (0)699/15087791</li><li><strong>Obmann und Oberleutnant:</strong><br>Gerhard Schwitzer<br>+43 (0)664 1864750</li></ol>



<p></p>

<p>Schützenkompanie AllerheiligenTechnikerstraße 74/33A-6020 Innsbruck Schützenheim:Viktor-Franz-Hess Straße 9jeden Freitag ab 1900 Uhr geöffnet Hauptmann:Fabian Santeler+43 (0)699/15087791 Obmann und Oberleutnant:Gerhard Schwitzer+43 (0)664 1864750</p>
