{"id":76,"date":"2021-11-09T13:09:47","date_gmt":"2021-11-09T12:09:47","guid":{"rendered":"https:\/\/schuetzen-allerheiligen.saufkopf.at\/?page_id=76"},"modified":"2026-03-27T10:18:18","modified_gmt":"2026-03-27T09:18:18","slug":"ehrenmitglieder-ausgezeichnete","status":"publish","type":"page","link":"https:\/\/www.schuetzen-allerheiligen.at\/?page_id=76","title":{"rendered":"Ehrenmitglieder &#038; Ausgezeichnete"},"content":{"rendered":"\n<figure class=\"wp-block-table\"><table><tbody><tr><td><strong>Ehrenhauptmann:<\/strong><br><br>Altlandeshauptmann und Landtagspr\u00e4sident a. D. DDr. Herwig van Staa<br><br>Dr.\u00a0Christoph Platzgummer\u00a0<br><br>Mag. Josef (Sepp) Pargger<br><br><strong>Ehrenoberleutnant:<br><\/strong><br>Vizeb\u00fcrgermeister a.D. Dr. Michael Bielowski\u00a0| Alfred Steiner\u00a0<br><br><strong>Ehrenleutnant:<\/strong><br><br>Helmut Probst<br><br><strong>Ehrenf\u00e4hnrich:<\/strong><br><br>Herbert Tr\u00f6binger, gestorben am 7. M\u00e4rz 2026<br><br><strong>Ehrenchronist:<\/strong><br><br>Zgf. Hansj\u00f6rg Sporrer<br><br><strong>Fahnenpatin:<\/strong><br><br>Hanna Schlenck (Ehrenkranz), gestorben am 17. Juni 2018<br><br><strong>Jungsch\u00fctzenfahnenpatin:<\/strong><br><br>Edith Tr\u00f6binger (Ehrenkranz)<br><br><strong>Verdienstmedaille des\u00a0 Bundes der Tiroler Sch\u00fctzenkompanien:<\/strong><br><br><strong>Gold:\u00a0<\/strong>EHptm Mag. Josef Pargger<br><br><strong>Silber:<\/strong>\u00a0Olt Gerhard Schwitzer\u00a0| EFhr Herbert Tr\u00f6binger\u00a0(gest.2026)<br><br><strong>Bronze:\u00a0<\/strong>EOlt Alfred Steiner |\u00a0Lt Helmut Probst | Zgf Christoph Santeler | Daniel Lengauer-Stockner | Desiree Eimer | F\u00e4hnrich G\u00fcnther Ruetz<br><br><strong>Jungsch\u00fctzenehrenzeichen\u00a0 des Bundes der Tiroler Sch\u00fctzenkompanien:<\/strong><br><br><strong>Silber:<\/strong>\u00a0Zgf Christoph\u00a0 Santeler\u00a0| Daniel Lengauer-Stockner<br><br><strong>Kompanieehrennadel:<\/strong><br><br><strong>Gold:\u00a0<\/strong>Flughafendirektor i. R. Mag. Reinhold Falch\u00a0|Pfarrer Erich Gutheinz (gest. 2003) | Gen.Dir. Dr. G\u00fcnther Schlenck (gest. 2002) | Zgf Gerhard Dengg | Marlene He\u00df\u00a0| Pionier Rolf Lagler (gest. 2009) | Luise van Staa (Gattin Altlandeshauptmann u. Landtagspr\u00e4sident a. D.)<br><br><strong>Silber:\u00a0<\/strong>Alexander Witting | Jungsch\u00fctzenfahnenpatin Edith Tr\u00f6binger | Leo Brunner | Gerhard Hupfauf | Monika Pargger\u00a0| Matthias Fankhauser | Hansj\u00f6rg Sporrer | Daniel Steiner<br><br><strong>Bronze:\u00a0<\/strong>Fahnenpatin Hanna Schlenck gest. 2018 | Ehrenbataill. Kdt EMjr Erich Enzinger | Olt Alfred Steiner | Peter Hupfauf (Musikkapelle Allerheiligen) |\u00a0 Anneliese Lang | Elvira Santeler<br><br><strong>Marketenderinnen \u2013\u00a0 Verdienstzeichen d. Bundes d. Tir. Sch\u00fctzenkompanien &#8222;Katharina Lanz&#8220;:<\/strong><br>Ulrike Schwitzer | Marianne Steiner | Norma Brunner |\u00a0 Manuela Marko | Bianca Steiner | Angela Probst | Desiree Eimer<br><br><strong>Andreas-Hofer-Medaille:<\/strong><br>Uj Hansj\u00f6rg Sporrer <br><br><strong>Speckbacher-Medaille:<br><\/strong>Uj Dietmar Brantner | | Leo Brunner |Zgf Gerhard Dengg | Desiree Eimer | Uj Manfred Franzelin (gest. 2022) | Franz Gabriel (gest. 2021) | Zgf Christian Giuliani | Patrf Werner Lang | Wolfgang Hubmann | Patrf Werner Krimbacher | EHptm Josef Pargger | Angela Probst | ELt Helmut Probst | Erich Schaupp | Uj Albert Schmidl | Olt Gerhard Schwitzer | EChr Zgf Hansj\u00f6rg Sporrer | EOlt Alfred Steiner | EFhr Herbert Tr\u00f6binger (gest.2026)| Uj Reinhard Waibl | Friedrich Wegscheider | Zgf Christoph Santeler | Gerhard Hupfauf | Christian Schuchter | Hptm Fabian Santeler <br><br><strong>Haspinger-Medaille:\u00a0\u00a0<\/strong><br>Patrf Paul Bernhart |Uj Dietmar Brantner | Leo Brunner | Hans Brunner |Zgf Gerhard Dengg | Franz Gabriel (gest. 2021) | Zgf Christian Giuliani | Wolfgang Hubmann | Patrf Werner Krimbacher |\u00a0 Rolf Lagler (gest. 2009) | Desiree Eimer | Gerhard Hupfauf | Patrf Werner Lang | Andreas Marko | Thomas Mayer | EHptm Mag. Josef Pargger |\u00a0\u00a0 Angela Probst | ELt Helmut Probst | Zgf Christoph Santeler | Hptm Fabian Santeler | Erich Schaupp | Uj Albert Schmidl | Christian Schuchter | Lisa Schuchter | Michael Schuchter | Birgit Schwitzer |Olt Gerhard Schwitzer | EChr Zgf Hansj\u00f6rg Sporrer | Daniel Steiner | Marianne Steiner\u00a0| EHptm Herwig van Staa | Nick Taylor | EFhr Herbert Tr\u00f6binger (gest.2026) | Friedrich\u00a0 Wegscheider | EOlt Alfred Steiner | Uj Reinhard Waibl | Alexander Witting\u00a0| Hermann K\u00fchrer | Sabrin a Lengauer-Stockner | Daniel Lengauer Stockner | Werner M\u00fchlsteiger Werner | DI Martin Schindl | <br><strong>Sch\u00fctzenschn\u00fcre:\u00a03 x Eichenkranz:<\/strong><br>EFhr Herbert Tr\u00f6binger (gest.2026)<br><br><strong>2 x Eichenkranz:<\/strong><br>Zgf Gerhard Dengg | Desiree Eimer | Zgf Christoph Santeler | Patrf Bernhart Paul<br><br><strong>1 x Eichenkranz:<\/strong>\u00a0<br>Franz Gabriel (gest. 2021) | Patrf Krimbacher Werner\u00a0 |\u00a0 Sabrina Lengauer-Stockner | Rolf Lagler\u00a0(gest. 2009) | EOlt Alfred Steiner | Christian Zm\u00f6lnig<br><br><strong>Gold:<\/strong><br>Leo Brunner | Uj Dietmar Brantner\u00a0| Franz Gabriel (gest. 2021) | Zgf Christian Giuliani | Richard Hitzenberger | Patrf Ernst Holovlasky |Uj Wolfgang Hubmann |\u00a0 Gerhard Hupfauf | Robert Kienberger | Patrf Werner Krimbacher (gest. 2025) | Patrf Werner Lang | Stefan Larcher | Bernhard Lechner | Meinhard Mair | Andreas\u00a0 Marko | Ehptm Mag. Josef Pargger | Ehptm Dr. Christoph Platzgummer |Hptm Fabian Santeler | DI Martin Schindl | Uj Albert Schmidl | Lisa Schuchter| Birgit Schwitzer | Uj\u00a0 Reinhard Waibl |Zgf Philipp Sodja | Schindl Emelie <br><br><strong>Silber:<br><\/strong>Leopold Blaha | Gerhard Haider | Josef Holovlasky | Thomas Mayer | F\u00e4hnrich G\u00fcnther Ruetz | | Erich Schaupp |\u00a0 Christian Schuchter | Zgf Philipp Sodja | EChr Zgf Hansj\u00f6rg Sporrer | Olt Gerhard Schwitzer |\u00a0Michael Schuchter\u00a0| Nick Taylor | Dag Christian<br><br><strong>Gr\u00fcn:<br><\/strong>Daniel Lengauer-Stockner | Hermann K\u00fchrer | Rudolf Leeb (gest. 2010)| ELt Helmut Probst | Michael Schwaiger | Pierre Haider | Robert Schennach<br><br><strong>Kompaniesch\u00fctzenk\u00f6nig\u00a0 und Kompanieschie\u00dfabzeichen in Gold 2008:<\/strong><br>EFhr Herbert Tr\u00f6binger (gest. 2026)<br><br><strong>Silber:\u00a0<\/strong>Zgf\u00a0 Christoph Santeler<br><br><strong>Bronze:\u00a0<\/strong>Markus\u00a0 Steiner\u00a0<br><br><strong>Kompaniesch\u00fctzenk\u00f6nig\u00a0 und Kompanieschie\u00dfabzeichen in Gold 2009:<\/strong> <br>Zgf Christoph Santeler\u00a0<br><br><strong>Silber:\u00a0<\/strong>EFhr\u00a0 Herbert Tr\u00f6binger (gest. 2026)<br><br><strong>Bronze:\u00a0<\/strong>Zgf\u00a0 Gerhard Dengg\u00a0<br><br><strong>Kompaniesch\u00fctzenk\u00f6nig und Kompanieschie\u00dfabzeichen in Gold 2010:<\/strong><br> Zgf Gerhard Dengg<br><br><strong>Silber:<\/strong>\u00a0Zgf Christoph Santeler<br><br><strong>Bronze:\u00a0<\/strong>EFhr Herbert Tr\u00f6binger (gest. 2026)<br><br><strong>Kompaniesch\u00fctzenk\u00f6nig und Kompanieschie\u00dfabzeichen in Gold 2011:<\/strong><br>Zgf Gerhard Dengg<br><br><strong>Silber:\u00a0<\/strong>Desiree Eimer<br><br><strong>Bronze:\u00a0<\/strong>EFhr Herbert Tr\u00f6binger (gest. 2026)<br><br><strong>Kompaniesch\u00fctzenk\u00f6nig und Kompanieschie\u00dfabzeichen in Gold 2012:<\/strong> <br>Zgf Christoph Santeler<br><br><strong>Silber:\u00a0<\/strong>EFhr Herbert Tr\u00f6binger (gest. 2026)<br><br><strong>Bronze:\u00a0<\/strong>Desiree Lang<br><br><strong>Kompaniesch\u00fctzenk\u00f6nig und Kompanieschie\u00dfabzeichen in Gold 2013:<\/strong> <br>Zgf Christoph Santeler<br><br><strong>Silber:\u00a0<\/strong>Zgf Christian Giuliani<br><br><strong>Bronze:\u00a0<\/strong>Marketenderin Desiree Eimer<br><br><strong>Kompaniesch\u00fctzenk\u00f6nig und Kompanieschie\u00dfabzeichen in Gold 2014:<\/strong> <br>Zgf Christoph Santeler<br><br><strong>Silber:\u00a0<\/strong>Marketenderin Desiree Lang<br><br><strong>Bronze:\u00a0Zgf Gerhard DenggKompaniesch\u00fctzenk\u00f6nig und Kompanieschie\u00dfabzeichen in Gold 2015:<\/strong>Zgf Christoph Santeler<br><br><strong>Silber:\u00a0<\/strong>Marketenderin Desiree Eimer<br><br><strong>Bronze:\u00a0<\/strong>Zgf Gerhard Dengg<br><br><strong>Kompaniesch\u00fctzenk\u00f6nig und Kompanieschie\u00dfabzeichen in Gold 2016:<\/strong><br>Zgf Gerhard Dengg<br><br><strong>Silber:\u00a0<\/strong>F\u00e4hnrich G\u00fcnther Ruetz<br><br><strong>Bronze:\u00a0<\/strong>Desiree Eimer<br><strong><br>Kompaniesch\u00fctzenk\u00f6nig und Kompanieschie\u00dfabzeichen in Gold 2017:<\/strong><br>Desiree Eimer<br><br><strong>Silber:\u00a0<\/strong>Zgf Christoph Santeler<br><br><strong>Bronze:\u00a0<\/strong>Patrf Paul Bernhart<br><br><strong>Kompaniesch\u00fctzenk\u00f6nig und Kompanieschie\u00dfabzeichen in Gold 2018:<br><\/strong>Hptm Fabian Santeler<br><br><strong>Silber:\u00a0<\/strong>Desiree Eimer<br><br><strong>Bronze:\u00a0<\/strong>Zgf Christoph Santeler<br><br><strong>Pandemie bedingt keine Schie\u00dfauszeichnungen in den Jahren 2020 und 2021!<\/strong><br><br><strong>Kompaniesch\u00fctzenk\u00f6nig und Kompanieschie\u00dfabzeichen in Gold 2022:<\/strong><br>DfOJ Fabian Santeler<br><br><strong>Silber:\u00a0<\/strong>Zgf Christoph Santeler<br><br><strong>Bronze:\u00a0<\/strong>Zgf Christian Giuliani<br><br><strong>Kompaniesch\u00fctzenk\u00f6nig und Kompanieschie\u00dfabzeichen in Gold 2023<\/strong>:<br>Hptm Fabian Santeler<br><br><strong>Silber:<\/strong>\u00a0Zgf Christoph Santeler<br><br><strong>Bronze:<\/strong>\u00a0Christian Zm\u00f6lnig <br><br><strong>Kompaniesch\u00fctzenk\u00f6nig und Kompanieschie\u00dfabzeichen in Gold 2024:<\/strong><br>Hptm Fabian Santeler<br><br>Silber:\u00a0Christian Zm\u00f6lnig<br><br>Bronze:\u00a0\u00a0Zgf Santeler Christoph<br><br><strong>Schwarzes Kreuz \/ Ehrenkranz:\u00a0<\/strong><br>Daniel Lengauer-Stockner\u00a0|\u00a0Emely Schindl | DI Martin Schindl\u00a0<br><br><strong>Schwarzes Kreuz \/ Ehrennadel in Gold:<\/strong><br>Mason Smith<br><strong><br>Schwarzes Kreuz \/ Ehrennadel in Silber:\u00a0<\/strong><br>Christopher Haider | Pierre Haider | Christian Mair | Sarah Schwitzer | Dominik Lengauer-Stockner<\/td><\/tr><\/tbody><\/table><\/figure>\n","protected":false},"excerpt":{"rendered":"<p>Ehrenhauptmann: Altlandeshauptmann und Landtagspr\u00e4sident a. D. DDr. Herwig van Staa Dr.\u00a0Christoph Platzgummer\u00a0 Mag. Josef (Sepp) Pargger Ehrenoberleutnant:Vizeb\u00fcrgermeister a.D. Dr. Michael Bielowski\u00a0| Alfred Steiner\u00a0 Ehrenleutnant: Helmut Probst Ehrenf\u00e4hnrich: Herbert Tr\u00f6binger, gestorben &hellip; <\/p>\n<p class=\"link-more\"><a href=\"https:\/\/www.schuetzen-allerheiligen.at\/?page_id=76\" class=\"more-link\"><span class=\"screen-reader-text\">\u201eEhrenmitglieder &#038; Ausgezeichnete\u201c<\/span> weiterlesen<\/a><\/p>\n","protected":false},"author":1,"featured_media":0,"parent":2,"menu_order":4,"comment_status":"closed","ping_status":"closed","template":"","meta":{"advanced_seo_description":"","jetpack_seo_html_title":"","jetpack_seo_noindex":false,"footnotes":""},"class_list":["post-76","page","type-page","status-publish","hentry"],"jetpack_sharing_enabled":true,"_links":{"self":[{"href":"https:\/\/www.schuetzen-allerheiligen.at\/index.php?rest_route=\/wp\/v2\/pages\/76","targetHints":{"allow":["GET"]}}],"collection":[{"href":"https:\/\/www.schuetzen-allerheiligen.at\/index.php?rest_route=\/wp\/v2\/pages"}],"about":[{"href":"https:\/\/www.schuetzen-allerheiligen.at\/index.php?rest_route=\/wp\/v2\/types\/page"}],"author":[{"embeddable":true,"href":"https:\/\/www.schuetzen-allerheiligen.at\/index.php?rest_route=\/wp\/v2\/users\/1"}],"replies":[{"embeddable":true,"href":"https:\/\/www.schuetzen-allerheiligen.at\/index.php?rest_route=%2Fwp%2Fv2%2Fcomments&post=76"}],"version-history":[{"count":2,"href":"https:\/\/www.schuetzen-allerheiligen.at\/index.php?rest_route=\/wp\/v2\/pages\/76\/revisions"}],"predecessor-version":[{"id":3139,"href":"https:\/\/www.schuetzen-allerheiligen.at\/index.php?rest_route=\/wp\/v2\/pages\/76\/revisions\/3139"}],"up":[{"embeddable":true,"href":"https:\/\/www.schuetzen-allerheiligen.at\/index.php?rest_route=\/wp\/v2\/pages\/2"}],"wp:attachment":[{"href":"https:\/\/www.schuetzen-allerheiligen.at\/index.php?rest_route=%2Fwp%2Fv2%2Fmedia&parent=76"}],"curies":[{"name":"wp","href":"https:\/\/api.w.org\/{rel}","templated":true}]}}

<figure class="wp-block-table"><table><tbody><tr><td><strong>Ehrenhauptmann:</strong><br><br>Altlandeshauptmann und Landtagspräsident a. D. DDr. Herwig van Staa<br><br>Dr. Christoph Platzgummer <br><br>Mag. Josef (Sepp) Pargger<br><br><strong>Ehrenoberleutnant:<br></strong><br>Vizebürgermeister a.D. Dr. Michael Bielowski | Alfred Steiner <br><br><strong>Ehrenleutnant:</strong><br><br>Helmut Probst<br><br><strong>Ehrenfähnrich:</strong><br><br>Herbert Tröbinger, gestorben am 7. März 2026<br><br><strong>Ehrenchronist:</strong><br><br>Zgf. Hansjörg Sporrer<br><br><strong>Fahnenpatin:</strong><br><br>Hanna Schlenck (Ehrenkranz), gestorben am 17. Juni 2018<br><br><strong>Jungschützenfahnenpatin:</strong><br><br>Edith Tröbinger (Ehrenkranz)<br><br><strong>Verdienstmedaille des  Bundes der Tiroler Schützenkompanien:</strong><br><br><strong>Gold: </strong>EHptm Mag. Josef Pargger<br><br><strong>Silber:</strong> Olt Gerhard Schwitzer | EFhr Herbert Tröbinger (gest.2026)<br><br><strong>Bronze: </strong>EOlt Alfred Steiner | Lt Helmut Probst | Zgf Christoph Santeler | Daniel Lengauer-Stockner | Desiree Eimer | Fähnrich Günther Ruetz<br><br><strong>Jungschützenehrenzeichen  des Bundes der Tiroler Schützenkompanien:</strong><br><br><strong>Silber:</strong> Zgf Christoph  Santeler | Daniel Lengauer-Stockner<br><br><strong>Kompanieehrennadel:</strong><br><br><strong>Gold: </strong>Flughafendirektor i. R. Mag. Reinhold Falch |Pfarrer Erich Gutheinz (gest. 2003) | Gen.Dir. Dr. Günther Schlenck (gest. 2002) | Zgf Gerhard Dengg | Marlene Heß | Pionier Rolf Lagler (gest. 2009) | Luise van Staa (Gattin Altlandeshauptmann u. Landtagspräsident a. D.)<br><br><strong>Silber: </strong>Alexander Witting | Jungschützenfahnenpatin Edith Tröbinger | Leo Brunner | Gerhard Hupfauf | Monika Pargger | Matthias Fankhauser | Hansjörg Sporrer | Daniel Steiner<br><br><strong>Bronze: </strong>Fahnenpatin Hanna Schlenck gest. 2018 | Ehrenbataill. Kdt EMjr Erich Enzinger | Olt Alfred Steiner | Peter Hupfauf (Musikkapelle Allerheiligen) |  Anneliese Lang | Elvira Santeler<br><br><strong>Marketenderinnen –  Verdienstzeichen d. Bundes d. Tir. Schützenkompanien &#8222;Katharina Lanz&#8220;:</strong><br>Ulrike Schwitzer | Marianne Steiner | Norma Brunner |  Manuela Marko | Bianca Steiner | Angela Probst | Desiree Eimer<br><br><strong>Andreas-Hofer-Medaille:</strong><br>Uj Hansjörg Sporrer <br><br><strong>Speckbacher-Medaille:<br></strong>Uj Dietmar Brantner | | Leo Brunner |Zgf Gerhard Dengg | Desiree Eimer | Uj Manfred Franzelin (gest. 2022) | Franz Gabriel (gest. 2021) | Zgf Christian Giuliani | Patrf Werner Lang | Wolfgang Hubmann | Patrf Werner Krimbacher | EHptm Josef Pargger | Angela Probst | ELt Helmut Probst | Erich Schaupp | Uj Albert Schmidl | Olt Gerhard Schwitzer | EChr Zgf Hansjörg Sporrer | EOlt Alfred Steiner | EFhr Herbert Tröbinger (gest.2026)| Uj Reinhard Waibl | Friedrich Wegscheider | Zgf Christoph Santeler | Gerhard Hupfauf | Christian Schuchter | Hptm Fabian Santeler <br><br><strong>Haspinger-Medaille:  </strong><br>Patrf Paul Bernhart |Uj Dietmar Brantner | Leo Brunner | Hans Brunner |Zgf Gerhard Dengg | Franz Gabriel (gest. 2021) | Zgf Christian Giuliani | Wolfgang Hubmann | Patrf Werner Krimbacher |  Rolf Lagler (gest. 2009) | Desiree Eimer | Gerhard Hupfauf | Patrf Werner Lang | Andreas Marko | Thomas Mayer | EHptm Mag. Josef Pargger |   Angela Probst | ELt Helmut Probst | Zgf Christoph Santeler | Hptm Fabian Santeler | Erich Schaupp | Uj Albert Schmidl | Christian Schuchter | Lisa Schuchter | Michael Schuchter | Birgit Schwitzer |Olt Gerhard Schwitzer | EChr Zgf Hansjörg Sporrer | Daniel Steiner | Marianne Steiner | EHptm Herwig van Staa | Nick Taylor | EFhr Herbert Tröbinger (gest.2026) | Friedrich  Wegscheider | EOlt Alfred Steiner | Uj Reinhard Waibl | Alexander Witting | Hermann Kührer | Sabrin a Lengauer-Stockner | Daniel Lengauer Stockner | Werner Mühlsteiger Werner | DI Martin Schindl | <br><strong>Schützenschnüre: 3 x Eichenkranz:</strong><br>EFhr Herbert Tröbinger (gest.2026)<br><br><strong>2 x Eichenkranz:</strong><br>Zgf Gerhard Dengg | Desiree Eimer | Zgf Christoph Santeler | Patrf Bernhart Paul<br><br><strong>1 x Eichenkranz:</strong> <br>Franz Gabriel (gest. 2021) | Patrf Krimbacher Werner  |  Sabrina Lengauer-Stockner | Rolf Lagler (gest. 2009) | EOlt Alfred Steiner | Christian Zmölnig<br><br><strong>Gold:</strong><br>Leo Brunner | Uj Dietmar Brantner | Franz Gabriel (gest. 2021) | Zgf Christian Giuliani | Richard Hitzenberger | Patrf Ernst Holovlasky |Uj Wolfgang Hubmann |  Gerhard Hupfauf | Robert Kienberger | Patrf Werner Krimbacher (gest. 2025) | Patrf Werner Lang | Stefan Larcher | Bernhard Lechner | Meinhard Mair | Andreas  Marko | Ehptm Mag. Josef Pargger | Ehptm Dr. Christoph Platzgummer |Hptm Fabian Santeler | DI Martin Schindl | Uj Albert Schmidl | Lisa Schuchter| Birgit Schwitzer | Uj  Reinhard Waibl |Zgf Philipp Sodja | Schindl Emelie <br><br><strong>Silber:<br></strong>Leopold Blaha | Gerhard Haider | Josef Holovlasky | Thomas Mayer | Fähnrich Günther Ruetz | | Erich Schaupp |  Christian Schuchter | Zgf Philipp Sodja | EChr Zgf Hansjörg Sporrer | Olt Gerhard Schwitzer | Michael Schuchter | Nick Taylor | Dag Christian<br><br><strong>Grün:<br></strong>Daniel Lengauer-Stockner | Hermann Kührer | Rudolf Leeb (gest. 2010)| ELt Helmut Probst | Michael Schwaiger | Pierre Haider | Robert Schennach<br><br><strong>Kompanieschützenkönig  und Kompanieschießabzeichen in Gold 2008:</strong><br>EFhr Herbert Tröbinger (gest. 2026)<br><br><strong>Silber: </strong>Zgf  Christoph Santeler<br><br><strong>Bronze: </strong>Markus  Steiner <br><br><strong>Kompanieschützenkönig  und Kompanieschießabzeichen in Gold 2009:</strong> <br>Zgf Christoph Santeler <br><br><strong>Silber: </strong>EFhr  Herbert Tröbinger (gest. 2026)<br><br><strong>Bronze: </strong>Zgf  Gerhard Dengg <br><br><strong>Kompanieschützenkönig und Kompanieschießabzeichen in Gold 2010:</strong><br> Zgf Gerhard Dengg<br><br><strong>Silber:</strong> Zgf Christoph Santeler<br><br><strong>Bronze: </strong>EFhr Herbert Tröbinger (gest. 2026)<br><br><strong>Kompanieschützenkönig und Kompanieschießabzeichen in Gold 2011:</strong><br>Zgf Gerhard Dengg<br><br><strong>Silber: </strong>Desiree Eimer<br><br><strong>Bronze: </strong>EFhr Herbert Tröbinger (gest. 2026)<br><br><strong>Kompanieschützenkönig und Kompanieschießabzeichen in Gold 2012:</strong> <br>Zgf Christoph Santeler<br><br><strong>Silber: </strong>EFhr Herbert Tröbinger (gest. 2026)<br><br><strong>Bronze: </strong>Desiree Lang<br><br><strong>Kompanieschützenkönig und Kompanieschießabzeichen in Gold 2013:</strong> <br>Zgf Christoph Santeler<br><br><strong>Silber: </strong>Zgf Christian Giuliani<br><br><strong>Bronze: </strong>Marketenderin Desiree Eimer<br><br><strong>Kompanieschützenkönig und Kompanieschießabzeichen in Gold 2014:</strong> <br>Zgf Christoph Santeler<br><br><strong>Silber: </strong>Marketenderin Desiree Lang<br><br><strong>Bronze: Zgf Gerhard DenggKompanieschützenkönig und Kompanieschießabzeichen in Gold 2015:</strong>Zgf Christoph Santeler<br><br><strong>Silber: </strong>Marketenderin Desiree Eimer<br><br><strong>Bronze: </strong>Zgf Gerhard Dengg<br><br><strong>Kompanieschützenkönig und Kompanieschießabzeichen in Gold 2016:</strong><br>Zgf Gerhard Dengg<br><br><strong>Silber: </strong>Fähnrich Günther Ruetz<br><br><strong>Bronze: </strong>Desiree Eimer<br><strong><br>Kompanieschützenkönig und Kompanieschießabzeichen in Gold 2017:</strong><br>Desiree Eimer<br><br><strong>Silber: </strong>Zgf Christoph Santeler<br><br><strong>Bronze: </strong>Patrf Paul Bernhart<br><br><strong>Kompanieschützenkönig und Kompanieschießabzeichen in Gold 2018:<br></strong>Hptm Fabian Santeler<br><br><strong>Silber: </strong>Desiree Eimer<br><br><strong>Bronze: </strong>Zgf Christoph Santeler<br><br><strong>Pandemie bedingt keine Schießauszeichnungen in den Jahren 2020 und 2021!</strong><br><br><strong>Kompanieschützenkönig und Kompanieschießabzeichen in Gold 2022:</strong><br>DfOJ Fabian Santeler<br><br><strong>Silber: </strong>Zgf Christoph Santeler<br><br><strong>Bronze: </strong>Zgf Christian Giuliani<br><br><strong>Kompanieschützenkönig und Kompanieschießabzeichen in Gold 2023</strong>:<br>Hptm Fabian Santeler<br><br><strong>Silber:</strong> Zgf Christoph Santeler<br><br><strong>Bronze:</strong> Christian Zmölnig <br><br><strong>Kompanieschützenkönig und Kompanieschießabzeichen in Gold 2024:</strong><br>Hptm Fabian Santeler<br><br>Silber: Christian Zmölnig<br><br>Bronze:  Zgf Santeler Christoph<br><br><strong>Schwarzes Kreuz / Ehrenkranz: </strong><br>Daniel Lengauer-Stockner | Emely Schindl | DI Martin Schindl <br><br><strong>Schwarzes Kreuz / Ehrennadel in Gold:</strong><br>Mason Smith<br><strong><br>Schwarzes Kreuz / Ehrennadel in Silber: </strong><br>Christopher Haider | Pierre Haider | Christian Mair | Sarah Schwitzer | Dominik Lengauer-Stockner</td></tr></tbody></table></figure>

<p>Ehrenhauptmann: Altlandeshauptmann und Landtagspräsident a. D. DDr. Herwig van Staa Dr. Christoph Platzgummer  Mag. Josef (Sepp) Pargger Ehrenoberleutnant:Vizebürgermeister a.D. Dr. Michael Bielowski | Alfred Steiner  Ehrenleutnant: Helmut Probst Ehrenfähnrich: Herbert Tröbinger, gestorben &hellip; </p>
<p class="link-more"><a href="https://www.schuetzen-allerheiligen.at/?page_id=76" class="more-link"><span class="screen-reader-text">„Ehrenmitglieder &#038; Ausgezeichnete“</span> weiterlesen</a></p>
